(v) = -2*v + 18. Let o be n(9). Suppose u - i - 77 = o. Is u prime?
False
Let q = -4431 + 7468. Is q a prime number?
True
Suppose 4*y - 18 = 14. Suppose -12 - y = 5*z, 2*z - 2 = -n. Let b(a) = -a**3 + 11*a**2 + 4*a - 9. Is b(n) prime?
True
Suppose 2*w - 209069 = -3*i + 6*w, 4*i - 278763 = w. Is i composite?
False
Suppose 0 = -9*i + 214067 + 185092. Is i a composite number?
False
Suppose 0 = -6*r + 3938 + 358. Let m = r - 175. Is m a prime number?
True
Is (231/(-28) - -13)/(2/3832) prime?
False
Suppose 6*h - h + 285 = 0. Let w = 966 - 190. Let o = h + w. Is o a prime number?
True
Suppose -4*s + 170458 + 15234 = 0. Is s a prime number?
False
Let c = -16 + 21. Suppose -c*h + 4*h = -166. Is (h/3)/((-14)/(-21)) a prime number?
True
Is ((-21819)/126)/((-1)/6) prime?
True
Suppose -15*c + 357694 = 23*c. Is c a composite number?
False
Let g = -12424 + 48593. Is g prime?
False
Let m(g) = g**3 + 5*g**2 + 5*g + 2. Let r be m(-4). Let w be r*(3/(-2) + 1). Let i(z) = 296*z**3 - 2*z**2 + 2*z - 1. Is i(w) composite?
True
Suppose -5*o + 15407 = -4*j, 1220 + 14160 = 5*o + 5*j. Is o prime?
True
Let v(l) be the second derivative of -l**4/12 - 3*l**3/2 + 3*l. Let a be v(-9). Suppose a = o - 14 - 171. Is o composite?
True
Suppose -4 = -2*x + 4. Suppose -x*q = -16 - 16. Let u(k) = 9*k + 11. Is u(q) a composite number?
False
Let w be 141/(-21) + 2/(-7). Let a(d) = 1. Let o(m) = -48*m - 6. Let r(q) = 5*a(q) + o(q). Is r(w) a composite number?
True
Let d be 3/(-5) - 116*(-5)/50. Suppose d*u - 1077 = 101278. Is u prime?
False
Suppose 7 = -3*f + 4. Let n be 5 + (-6 - -4) - f. Is ((0 - 1) + n)*223 a prime number?
False
Let s(r) = 2*r**2 - 23*r + 10. Suppose -b - a = -2*a - 14, -3*a = -4*b + 57. Is s(b) a composite number?
True
Suppose -4*r = -2*m - 318, 0 = -0*r - 3*r + m + 241. Suppose 3*q - 4*q = -r. Is q prime?
False
Let u(w) = -w + 1. Let s(p) = -17*p - 30. Let a(o) = s(o) + 3*u(o). Let d(g) = -7*g - 9. Let v(m) = -6*a(m) + 17*d(m). Is v(6) prime?
False
Let s(a) = a + 19. Let j = 30 - 43. Let c be s(j). Is -5 + c + 22 + 0 composite?
False
Let f = 12 - 10. Suppose -f*j - 371 - 228 = -3*d, -3*j - 188 = -d. Is d prime?
False
Let g(t) = -t**3 + t**2 + 10511. Is g(0) a prime number?
False
Let w(u) = 46*u**3 - 3*u**2 + 12*u - 43. Is w(4) prime?
False
Suppose 21*f = 17*f + 12776. Is f composite?
True
Let w(b) = -b**3 - 22*b**2 + 17*b - 15. Let v(y) = -y**3 - 22*y**2 + 17*y - 14. Let f(o) = 2*v(o) - 3*w(o). Is f(-11) composite?
True
Suppose 0 = -5*m + 5*a - 475, -2*m - 2*a - 110 = -m. Let p = 269 + m. Is p prime?
False
Let h = 16 - 11. Let d be 1 - h - 63/(-21). Let y(w) = -128*w**3 - 2*w**2 - w. Is y(d) a prime number?
True
Let f = -1255 - -2024. Is f composite?
False
Let n = -412 - -593. Let o be ((-6)/2 - -4) + n. Suppose -6*s + 964 = -o. Is s prime?
True
Suppose -4 = 2*l + 2. Let k be (-8 - l)*(-60)/25. Suppose -p - 169 + 1 = -2*b, k = -3*p. Is b a composite number?
True
Suppose -101028 = -88*t + 76*t. Is t a prime number?
True
Let m(r) = -r**2 + 16*r - 10. Let k be m(16). Let g be ((-2984)/k)/(2/5). Is (-64)/16*g/(-8) composite?
False
Is 1 - -5 - (-33*95 + 4) a prime number?
True
Let k be 8/28 - (-2136)/(-28). Let w = -40 - k. Suppose 4*x - w = 20. Is x a prime number?
False
Suppose 3*x - 59 = -5*q, -4*q + x + x = -34. Suppose -q*l + 5*l = -7405. Is l a composite number?
False
Suppose -13*j + 336187 = 40424. Is j a prime number?
True
Suppose 0 = -4*s - 5*y - 1, 3*s - 7 = 4*y - 0. Is -4 + s + 8 - -366 prime?
False
Suppose 0 = 256*w - 253*w - 7449. Is w a prime number?
False
Suppose 0 = -2*o - 3*r - 65, 4*r + 14 + 11 = -o. Is (-3)/((-3)/1655) + 148/o prime?
False
Suppose 4*j = p - 3, 5*j = -4*p + 3*p - 15. Let o be ((-18)/12)/(j/4). Suppose -m - 62 = -o*m. Is m composite?
False
Suppose 0 = 53*v - 4157007 - 1694882. Is v a composite number?
True
Is -3*(1 - (-9330)/(-3)) a prime number?
False
Suppose 0 = 3*s - 5 + 8, 2*s + 38 = -2*r. Is 4/(-6) - 7986/r a prime number?
True
Let i(h) = 14*h**2 + 4*h - 5. Let b = -1 + 3. Suppose b*z + 2 + 6 = 0. Is i(z) a composite number?
True
Suppose 20 = -3*l - 7. Suppose -7*z - 64 = 41. Let u = l - z. Is u a prime number?
False
Suppose 2523 = 2*h + q, -3*q - 28 + 25 = 0. Is h composite?
True
Suppose 4*q + 20 = -2*h, 0 = -3*h + 5*q + 28 - 3. Suppose h = -3*w + 6*w - 333. Is w a prime number?
False
Let k = 4 - 7. Let n(s) = -84*s**2 - 3*s - 84*s**2 + 4 - 16*s**3 + 165*s**2 + 3*s**3. Is n(k) composite?
False
Suppose 2*t + 5*s - 59085 = 8482, 3*s + 67591 = 2*t. Is t composite?
False
Let r(g) = 702*g**3 - 6*g**2 - 3*g + 1. Is r(2) a prime number?
False
Suppose 0 = -o + 6*o - 25. Suppose -2*i = -o*i + 4197. Is i composite?
False
Let d be ((-8)/(-10))/(4/10). Let a = 233 + -24. Let k = a + d. Is k a prime number?
True
Let v = -3844 + 7917. Is v composite?
False
Suppose -6*z = -2*z + 5*b - 12, -b = 5*z - 15. Let l = -1 + 1. Suppose 2*i + l*m - 532 = -z*m, 1050 = 4*i - m. Is i prime?
True
Suppose 5*d = d + 180. Suppose -21 - d = -3*b. Is b a composite number?
True
Suppose 5*k + 10 = 0, 2*r + 3*k - 142 = 2*k. Let y = r + -38. Is y a prime number?
False
Suppose 0 = -4*i - 197 - 1243. Let r = i + 677. Is r a prime number?
True
Let v(u) = -2*u**3 + 8*u**2 + 5*u. Let d(q) = 2*q**3 - 9*q**2 - 5*q + 1. Let b(c) = -3*d(c) - 4*v(c). Let m be -1*(-10)/(-4)*-2. Is b(m) composite?
False
Let b(u) = 16481*u**2 - 35*u + 35. Is b(1) a prime number?
True
Let c(l) = -l**2 - 3*l - 1. Let h be 9/(2*(-1)/2). Let q be c(h). Let n = 92 + q. Is n a prime number?
True
Let r(g) = 147*g**3 - g**2 + 2*g - 7. Let w(y) = 148*y**3 - y**2 + 2*y - 8. Let o(b) = -4*r(b) + 3*w(b). Is o(-3) prime?
True
Suppose 1279*v - 1281*v + 57518 = 0. Is v a prime number?
True
Let w(r) = 2*r**2 - 21*r + 7. Let m(y) = -y**2 + 22*y - 6. Let t(z) = 3*m(z) + 4*w(z). Is t(9) a prime number?
False
Suppose 209722 = -54*p + 92*p. Is p a composite number?
False
Let f(k) = 2*k**3 - 17*k**2 - 10*k + 13. Is f(12) prime?
False
Suppose -15 = 24*j - 29*j. Suppose 1204 = j*a - 905. Is a a composite number?
True
Let a = 4 - 8. Let t(v) = 86*v**2 - 7*v - 5. Is t(a) a prime number?
True
Let n be 10/25*(-10)/(-6)*3471. Is 4 - (-496)/(-120) - n/(-30) a prime number?
False
Is 13 - 9 - (-19188)/2 prime?
False
Suppose -x - 49 = 4*o + 86, 4*o = -8. Let g = x + 148. Is g a composite number?
True
Let o(i) = -7*i**3 - i**2 + 7*i - 3. Let g(s) = 20*s**3 + 2*s**2 - 21*s + 9. Let y(f) = -6*g(f) - 17*o(f). Let k be y(6). Is (-43)/k*-15*1 prime?
False
Let s = 30 - 27. Suppose -1038 = -3*v + s*r, 4*v - 2*r - 62 = 1324. Is v a prime number?
True
Let n = 12 + -9. Let d(y) = -1 + y + y**2 + 0*y**2 + 3*y + 12*y**n - 5*y. Is d(2) prime?
True
Suppose 13*u - 18*u + 5*x = -77720, 0 = 3*u - 4*x - 46631. Is u prime?
False
Let y = -3 + 6. Suppose 20*p = 24*p - 4*c + 12, 4*p + c = 13. Suppose p*k - 935 = -y*k. Is k a prime number?
False
Let c be (-3)/2*-2 + -5. Let t be (-1)/(2/(-4)*c). Is t/(-5) + (-3522)/(-15) prime?
False
Let k(z) = z**2 + 5*z - 9. Let p be k(2). Suppose -3*h = 2*x + 2*h - 436, 0 = -p*x - 3*h + 1109. Is x prime?
True
Let y = -10021 + 20114. Suppose -8*n - y + 26517 = 0. Is n a prime number?
True
Suppose 4*y - 293306 = -h, -227*y - 5*h = -228*y + 73337. Is y a composite number?
False
Let p(m) = -5*m**3 - 8*m**2 - 10. Let j be p(-6). Let l = 1933 - j. Is l a composite number?
False
Suppose -2262624 = -40*j + 3249256. Is j prime?
False
Let h be 4/10 + 9/(45/15058). Suppose 0 = -3*b + 5*v + h, 0 = -4*v - v + 15. Is b a composite number?
False
Suppose -82 - 54 = -2*p. Suppose 13 - 64 = -3*j. Suppose -p = -3*a + d, a + 4*d - 10 - j = 0. Is a a composite number?
False
Suppose -v + 12 = 2*m - 0*v, 5*v = -m + 15. Suppose 3*d + 17 = -m*b, -2*b + 85 = -5*d + b. Is (1*-29)/(7/d) a composite number?
True
Is -17943*1*10/(-30) composite?
False
Let k(h) = 1049*h**2 + 5*h + 11. Let w be k(-2). Suppose -2*c + 4222 = 4*r, -9*c = -7*c - r - w. Is c composite?
True
Suppose 0*s - 3*y = -s + 6356, -4*s + 25415 = -3*y. Is s a prime number?
True
Suppose 52 = -w + 5*w. Suppose -w*n = -15*n + 1766. Is n composite?
False
Let d(z) = -2*z + 19 + 7*z + 7*z. Let b be d(14). Let r = 34 + b. Is r composite?
True
Let o = -1550 + 3291. Is o composite?
False
Suppose -147*g + 154*g = 40621. Is g composite?
True
Suppose 3*v = 2*x + 476, 0 = -x - 3 - 1. Sup